*b. What are the prime factors of s?
3, 6607
Suppose 156*j - 2447422 = 1962074. What are the prime factors of j?
2, 3, 7, 673
Let a(v) = 3*v + 31. Let w be a(-8). Let j(m) = m**3 - 7*m**2 - 3*m + 10. Let c be j(w). Let s = c - -28. What are the prime factors of s?
17
List the prime factors of (-3)/(-4)*-4 + 3 - -11909.
11909
Let y = 122 - 125. Let u be -6 - (-5 + 4) - y. List the prime factors of (4/16 + 0)*(u + 294).
73
Suppose 249*j - 264*j = -1980. Let n = -297 - -211. Let p = n + j. List the prime factors of p.
2, 23
Let c = 5061 - -1954. List the prime factors of c.
5, 23, 61
Suppose 0 = 11985*l - 11971*l - 389074. What are the prime factors of l?
27791
Suppose 0 = -5*q + 13 + 17, 5*w + 3*q = 9458. What are the prime factors of w?
2, 59
Let w(s) = 7*s**3 + 17*s**2 - 13*s + 7. Let n(k) = 12*k**3 + 34*k**2 - 25*k + 15. Let t(v) = 4*n(v) - 7*w(v). List the prime factors of t(14).
11, 43
Let f = -383 + 365. List the prime factors of ((-18)/(-12))/(f/(-19128)).
2, 797
Suppose 8*b - 10*b - 9 = 3*g, 3*b = -3*g - 6. Let k(t) = -2*t**3 - 2*t**2 + 4*t + 5. List the prime factors of k(g).
5, 37
Let l(b) = b**2 - 23*b - 15. Let r(i) = 19*i**2 - 1. Let a be r(1). Suppose -a = -f + 2*d, d + 159 = 5*f + 33. What are the prime factors of l(f)?
3, 7
Let a(z) = -z**2 - 8*z + 5. Let n be a(-8). Suppose 3*c - 8*c = -x - 280, -n*c + 2*x = -285. What are the prime factors of c?
5, 11
Suppose 0 = 3*d - d + d. Suppose d = 4*c + 8, -909 = -3*f + 2*c + 1. Suppose 0*q - f = -3*z + 2*q, -176 = -2*z - 5*q. What are the prime factors of z?
2, 7
Let y(b) = 2*b**3 - 10*b**2 + 3*b + 24. Let v(f) = f**3 + f**2 - f - 2. Let g(w) = 3*v(w) - y(w). Let z = -12 - 0. List the prime factors of g(z).
2, 3, 31
Suppose -15 = -5*y, 3*x - 5*y - 1704 = -6*y. Let p = 1258 - x. What are the prime factors of p?
691
Suppose 130*q - 8156357 = -33*q. List the prime factors of q.
11, 4549
Let s(z) = -2*z + 1. Let f be s(-1). Suppose f*m = -2*d + 642, -4*m = -m. Let b = -167 + d. What are the prime factors of b?
2, 7, 11
Let i(n) = -n**3 - 22*n**2 + 24*n + 30. Let g be i(-23). Let f(p) = 4*p + 24. Let m be f(g). Let v = -38 + m. What are the prime factors of v?
2, 7
Suppose -3*q - 40 = -7*q. Suppose 0 = q*b - 9 - 11. List the prime factors of (b + (-3 - 12))*-1.
13
Let a(t) = t**2 + 18*t + 63. Let l(c) = -3*c**2 - 36*c - 124. Let v(b) = -5*a(b) - 2*l(b). What are the prime factors of v(-16)?
3, 53
Let v(k) = -2*k**3 - 13*k**2 + 2*k + 15. Suppose -12*r + 30 = 138. List the prime factors of v(r).
2, 3, 67
Suppose 5*c - 25 = -0*c, -5*o + c + 22555 = 0. What are the prime factors of o?
2, 3, 47
Let p(u) be the third derivative of u**5/10 - u**4/24 + 89*u**3/6 + 9*u**2 - 2. What are the prime factors of p(11)?
2, 3, 67
Suppose -120733 = -5*s + 4*y, -3*s + 13*y = -0*s - 72514. What are the prime factors of s?
3, 13, 619
Let s(n) = 4*n**3 + 81*n**2 - 94*n - 10. List the prime factors of s(-20).
2, 5, 227
Let u(f) = -11*f + 2. Let q be u(0). Let i(k) = 1315*k**2 + 59 - 1316*k**q - 12*k - 5. List the prime factors of i(-14).
2, 13
Suppose 0 = 69*x - 5718929 + 1990859. Suppose -67*d + 150041 = x. List the prime factors of d.
1433
Let v = -769 - -7280. List the prime factors of v.
17, 383
Let o = 15852 - -61912. What are the prime factors of o?
2, 19441
Suppose 63*r - 33*r = -42*r + 915768. List the prime factors of r.
7, 23, 79
Let z(v) = 5*v + 26. Suppose -2*y + 5*q = -56, 5*y + 0*q + 2*q = 140. Suppose 9*u - 17 = y. What are the prime factors of z(u)?
3, 17
Let s = 3918 + 1395. What are the prime factors of s?
3, 7, 11, 23
Let m = -1227 + 8018. List the prime factors of m.
6791
Let j(p) = -p**3 + 6*p**2 - 3*p + 39. Let c be j(10). Let h = c - -679. What are the prime factors of h?
2, 3
Suppose -2*c = -y - 0*c + 444, -c = -4*y + 1811. Let g = -2019 - -2022. Suppose -11*v + y = g. List the prime factors of v.
41
Let d = -20795 - -36386. What are the prime factors of d?
3, 5197
Let j(g) = -5*g**3 - 11*g**2 + 14*g + 3. Let a = 258 + -264. What are the prime factors of j(a)?
3, 67
List the prime factors of (-1429780)/(-160) + (-5 - (-117)/24).
2, 1117
Let f = 486 + -277. Suppose -4*h + f = -1687. List the prime factors of h.
2, 3, 79
Suppose 18*l + 3328 - 72142 = 0. List the prime factors of l.
3823
Let z be 2/(-3 - (-30)/14)*-3. Suppose -888 = -o + 5*q, -3*o + 2*q + 2644 = z*q. List the prime factors of o.
883
Suppose -1508 = 11*t - 28062. List the prime factors of t.
2, 17, 71
Suppose 8*x = -x + 10872. Suppose -7592 = -20*r + x. List the prime factors of r.
2, 5, 11
Suppose 2*h = -2*q + 8574, -387*q + 384*q + 5*h = -12829. What are the prime factors of q?
4283
Suppose 123 = 3*w - 3*l, 3*w - 23 = l + 92. Let j = w + -37. Suppose -2*c = -5*i + 178, j = i - c - 38 + 3. What are the prime factors of i?
2, 3
Let z(x) = -2*x**3 - 13*x**2 + 5*x - 3. Let l be z(-7). Suppose 4*k = -l*k + 750. List the prime factors of k.
2, 5
Let w = 2106 + 46892. List the prime factors of w.
2, 24499
Let c be 121/(-2) + ((-35)/14 - -2). Let v = c - -64. What are the prime factors of v/(-15) - 368/(-40)?
3
Let x(s) = 3*s**2 - 2*s + 2. Let r be x(1). Suppose -2*k - 2*v - 20 = 0, k = -r*k - 5*v - 44. List the prime factors of k/(-33) + (-53)/(-11).
5
Let b be 609 + -9 + 12 + -2 + -5. Suppose v = -5*k + b, -4*k - 2436 = -4*v - 8*k. What are the prime factors of v?
2, 5, 61
Let d = -27574 + 50082. What are the prime factors of d?
2, 17, 331
Let a(h) = h - 289*h**3 + 8 + 6*h + 7*h**2 + 288*h**3. Let k be a(8). Suppose k*x + 2*x - 50 = c, 4*c = 16. List the prime factors of x.
3
Suppose 115*q - 116*q - 12 = 0. List the prime factors of ((-18)/8)/(5*q/9760).
2, 3, 61
Let t = -554 - -556. Let s(p) = 4*p**3 - 2*p**2 + p + 2. List the prime factors of s(t).
2, 7
List the prime factors of 2*((-6)/(-12))/(-1 - -2) + 15273.
2, 7, 1091
Let l be -4 + 5 - 1 - -184. Let m = -165 + 58. Let z = l + m. What are the prime factors of z?
7, 11
Suppose -15*d + 16 = 1. List the prime factors of 1696/(-20)*(-1*6 + d).
2, 53
Let f(v) = -7*v + 8. Suppose 3*q - 2*t - 94 = 0, 0*q + 5*t = 3*q - 109. Suppose 5*d - d = -q. List the prime factors of f(d).
3, 19
Suppose -87*z + 3*p - 98517 = -96*z, -2*p = -5*z + 54750. What are the prime factors of z?
2, 7, 17, 23
Let i(a) = 7*a + 188. Let r be i(0). Suppose -n - 644 = 4*j - 192, 5*j = -3*n - 572. Let b = r + j. What are the prime factors of b?
2, 19
Let z(u) = 23 + 53 - 6 + 16*u + 35*u. List the prime factors of z(4).
2, 137
Suppose 83 + 73 = 3*d. Let t = 44 - d. What are the prime factors of ((-30)/t)/((-1 + -2)/(-60))?
3, 5
Let b(m) = 9*m + 13. Let s be b(-3). Let a(v) = -v**3 - 9*v**2 + 36*v + 28. Let k be a(s). What are the prime factors of ((-27)/12)/((-27)/k)?
2, 3, 7
Let o(h) = -h**3 + 7*h**2 - 4*h + 6. Let c be o(5). Suppose -c*x - 8117 = -19529. What are the prime factors of x?
317
Suppose -186*t - 8 = -184*t. List the prime factors of (-1)/((2 - t)/(-1362)).
227
Let z = -14287 + 27819. What are the prime factors of z?
2, 17, 199
Let y(g) be the second derivative of 5*g**3/6 - 17*g**2/2 - 14*g. Let b be y(8). Let d = 24 + b. What are the prime factors of d?
47
Suppose n = 2*n + 5*n. Let g(m) = -m**2 - 2*m + 327. What are the prime factors of g(n)?
3, 109
Suppose -13*i - 11980 = -2*r - 16*i, 4*i = 2*r - 11966. List the prime factors of r.
5987
Suppose 20 = 15*h - 13*h. Let s(g) = -g**3 + 9*g**2 + 9*g + 13. Let m be s(h). Suppose r + m*r - 124 = 0. What are the prime factors of r?
31
Let w(k) = 51 - 447*k - 129*k - 50. List the prime factors of w(-1).
577
Let d(j) = 19*j**2 + 232*j - 2261. What are the prime factors of d(10)?
3, 653
Let v(w) = 3*w**3 - 49*w**2 + 701*w - 38. What are the prime factors of v(27)?
7, 37, 163
Suppose 4*d + 2*x + 18 = 0, -3*x + 0*x = 2*d + 11. Let z be -4*(-3)/4*176/24. Let a = z + d. What are the prime factors of a?
2, 3
Let m = 59 - 53. Suppose -m = 5*h + 4, h - 46 = -j. Let r = j + -24. What are the prime factors of r?
2, 3
Let a(v) = v**3 + 74*v**2 - 8*v + 3484. What are the prime factors of a(-63)?
29, 31, 53
Let y(x) = -2*x**2 + 11. Let r be y(-3). Let l be (-1)/7 + (-1796)/(-28). Let g = l + r. What are the prime factors of g?
3, 19
Let o be (-2 - (-267)/18) + (-15)/18. List the prime factors of 6/o*0 + 465.
3, 5, 31
What are the prime factors of 7*(-72)/(-189)*1468